{"id":4150,"date":"2022-08-16T12:07:39","date_gmt":"2022-08-16T10:07:39","guid":{"rendered":"https:\/\/viva-stmoritz.ch\/?page_id=4150"},"modified":"2026-03-27T15:43:35","modified_gmt":"2026-03-27T14:43:35","slug":"restaurant","status":"publish","type":"page","link":"https:\/\/viva-stmoritz.ch\/fr\/restaurant\/","title":{"rendered":"Restaurant"},"content":{"rendered":"<div class=\"wpb-content-wrapper\"><p>[vc_row][vc_column][vc_row_inner simple_background_color=\u00a0\u00bb#F9EEED\u00a0\u00bb][vc_column_inner width=\u00a0\u00bb1\/4&Prime;][\/vc_column_inner][vc_column_inner width=\u00a0\u00bb1\/2&Prime;][vc_empty_space height=\u00a0\u00bb16px\u00a0\u00bb][vc_column_text css=\u00a0\u00bb\u00a0\u00bb]<\/p>\n<div style=\"color: red; text-align: center;\">\n<p>Chers clients, veuillez noter:<\/p>\n<p><strong>Du 6 au 30 avril 2026: Ferm\u00e9<\/strong><br \/>\nLe restaurant Viva sera ferm\u00e9 pendant cette p\u00e9riode.<\/p>\n<p><strong>Du 1er au 31 mai 2026: R\u00e9serv\u00e9 aux clients de l&rsquo;h\u00f4tel<\/strong><br \/>\nLe restaurant est r\u00e9serv\u00e9 aux clients de l&rsquo;h\u00f4tel San Gian. Pendant cette p\u00e9riode, seule une s\u00e9lection limit\u00e9e de plats sera propos\u00e9e; notre carte habituelle ne sera malheureusement pas disponible.<\/p>\n<p><strong>\u00c0 partir du 1er juin 2026: Ouvert<\/strong><br \/>\nLe restaurant reprendra son activit\u00e9 normale.<\/div>\n<p>[\/vc_column_text][vc_empty_space height=\u00a0\u00bb24px\u00a0\u00bb][\/vc_column_inner][vc_column_inner width=\u00a0\u00bb1\/4&Prime;][\/vc_column_inner][\/vc_row_inner][vc_empty_space height=\u00a0\u00bb80px\u00a0\u00bb][\/vc_column][\/vc_row][vc_row content_placement=\u00a0\u00bbtop\u00a0\u00bb enable_parallax_background_elements=\u00a0\u00bbyes\u00a0\u00bb right_parallax_background_element=\u00a0\u00bb762&Prime;][vc_column][vc_row_inner content_placement=\u00a0\u00bbmiddle\u00a0\u00bb row_content_width=\u00a0\u00bbgrid\u00a0\u00bb css=\u00a0\u00bb.vc_custom_1535380918653{padding-bottom: 40px !important;}\u00a0\u00bb][vc_column_inner offset=\u00a0\u00bbvc_col-lg-6 vc_col-md-12&Prime;]<div class=\"mkdf-section-title-holder  mkdf-st-standard mkdf-st-title-left mkdf-st-normal-space \" style=\"padding:0 0 15% 0;text-align: left\">\n\t<div class=\"mkdf-st-inner\">\n\t\t\t\t\t<h2 class=\"mkdf-st-title\" >\n\t\t\t\tVIVA<br \/> St. Moritz<br \/>\t\t\t<\/h2>\n\t\t    <span class=\"mkdf-st-line\" style=\"margin: 50px 9% 0 14%; height: 120px\"><\/span>\n    <div class=\"mkdf-st-text\" style=\"margin-top: 45px;padding-right: 40px\">\n        Nos plats sont particuli\u00e8rement marqu\u00e9s par la cuisine engadinoise et les produits locaux sp\u00e9ciaux. Ceux-ci sont travaill\u00e9s de mani\u00e8re innovante par notre \u00e9quipe de cuisine avec diverses influences du monde entier. Nous nous effor\u00e7ons toujours de vous faire d\u00e9couvrir de nouvelles saveurs.    <\/div>\n\t<\/div>\n<\/div>[vc_empty_space height=\u00a0\u00bb100px\u00a0\u00bb][\/vc_column_inner][vc_column_inner offset=\u00a0\u00bbvc_col-lg-6 vc_col-md-12&Prime; css=\u00a0\u00bb.vc_custom_1535446084271{padding-right: 0px !important;padding-left: 0px !important;}\u00a0\u00bb]<div class=\"mkdf-single-image-holder    \" >\n    <div class=\"mkdf-si-inner\" >\n                                    <img loading=\"lazy\" decoding=\"async\" width=\"800\" height=\"450\" src=\"https:\/\/viva-stmoritz.ch\/wp-content\/uploads\/2019\/11\/viva-restaurant-st-moritz-innenansicht.jpg\" class=\"attachment-full size-full\" alt=\"\" srcset=\"https:\/\/viva-stmoritz.ch\/wp-content\/uploads\/2019\/11\/viva-restaurant-st-moritz-innenansicht.jpg 800w, https:\/\/viva-stmoritz.ch\/wp-content\/uploads\/2019\/11\/viva-restaurant-st-moritz-innenansicht-300x169.jpg 300w, https:\/\/viva-stmoritz.ch\/wp-content\/uploads\/2019\/11\/viva-restaurant-st-moritz-innenansicht-768x432.jpg 768w\" sizes=\"auto, (max-width: 800px) 100vw, 800px\" \/>                        <\/div>\n<\/div>[\/vc_column_inner][\/vc_row_inner][vc_row_inner row_content_width=\u00a0\u00bbgrid\u00a0\u00bb css=\u00a0\u00bb.vc_custom_1534240845257{padding-bottom: 30px !important;}\u00a0\u00bb][vc_column_inner offset=\u00a0\u00bbvc_col-lg-offset-1 vc_col-lg-10&Prime; css=\u00a0\u00bb.vc_custom_1534234226432{padding-right: 0px !important;padding-left: 0px !important;}\u00a0\u00bb]<div class=\"mkdf-single-image-holder    \" >\n    <div class=\"mkdf-si-inner\" >\n                                    <img loading=\"lazy\" decoding=\"async\" width=\"1300\" height=\"610\" src=\"https:\/\/viva-stmoritz.ch\/wp-content\/uploads\/2019\/11\/viva-restaurant-st-moritz-innenansicht2.jpg\" class=\"attachment-full size-full\" alt=\"\" srcset=\"https:\/\/viva-stmoritz.ch\/wp-content\/uploads\/2019\/11\/viva-restaurant-st-moritz-innenansicht2.jpg 1300w, https:\/\/viva-stmoritz.ch\/wp-content\/uploads\/2019\/11\/viva-restaurant-st-moritz-innenansicht2-300x141.jpg 300w, https:\/\/viva-stmoritz.ch\/wp-content\/uploads\/2019\/11\/viva-restaurant-st-moritz-innenansicht2-1024x480.jpg 1024w, https:\/\/viva-stmoritz.ch\/wp-content\/uploads\/2019\/11\/viva-restaurant-st-moritz-innenansicht2-768x360.jpg 768w\" sizes=\"auto, (max-width: 1300px) 100vw, 1300px\" \/>                        <\/div>\n<\/div>[\/vc_column_inner][\/vc_row_inner][vc_row_inner row_content_width=\u00a0\u00bbgrid\u00a0\u00bb][vc_column_inner width=\u00a0\u00bb1\/12&Prime; offset=\u00a0\u00bbvc_col-lg-1 vc_hidden-md vc_hidden-sm vc_hidden-xs\u00a0\u00bb][\/vc_column_inner][vc_column_inner css=\u00a0\u00bb.vc_custom_1535445707647{padding-right: 0px !important;padding-left: 0px !important;}\u00a0\u00bb offset=\u00a0\u00bbvc_col-lg-10 vc_col-md-12 vc_col-xs-12&Prime;]<div class=\"mkdf-image-gallery mkdf-grid-list mkdf-grid-masonry-list mkdf-disable-bottom-space  mkdf-ig-masonry-type mkdf-three-columns mkdf-normal-space  \">\n\t<div class=\"mkdf-ig-inner mkdf-outer-space mkdf-masonry-list-wrapper\">\n\t\t<div class=\"mkdf-masonry-grid-sizer\"><\/div>\n\t\t<div class=\"mkdf-masonry-grid-gutter\"><\/div>\n\t\t\t\t\t\t\t\t<div class=\"mkdf-ig-image mkdf-item-space \">\n\t\t\t\t<div class=\"mkdf-ig-image-inner\">\n\t\t\t\t\t\t\t\t\t\t\t<img loading=\"lazy\" decoding=\"async\" width=\"650\" height=\"1300\" src=\"https:\/\/viva-stmoritz.ch\/wp-content\/uploads\/2019\/11\/viva-restaurant-st-moritz-innenansicht-close-up.jpg\" class=\"attachment-full size-full\" alt=\"\" srcset=\"https:\/\/viva-stmoritz.ch\/wp-content\/uploads\/2019\/11\/viva-restaurant-st-moritz-innenansicht-close-up.jpg 650w, https:\/\/viva-stmoritz.ch\/wp-content\/uploads\/2019\/11\/viva-restaurant-st-moritz-innenansicht-close-up-150x300.jpg 150w, https:\/\/viva-stmoritz.ch\/wp-content\/uploads\/2019\/11\/viva-restaurant-st-moritz-innenansicht-close-up-512x1024.jpg 512w\" sizes=\"auto, (max-width: 650px) 100vw, 650px\" \/>\t\t\t\t\t\t\t\t\t<\/div>\n\t\t\t<\/div>\n\t\t\t<\/div>\n<\/div>[\/vc_column_inner][vc_column_inner width=\u00a0\u00bb1\/12&Prime; css=\u00a0\u00bb.vc_custom_1535382774510{padding-right: 0px !important;}\u00a0\u00bb offset=\u00a0\u00bbvc_col-lg-1 vc_hidden-md vc_hidden-sm vc_hidden-xs\u00a0\u00bb][\/vc_column_inner][\/vc_row_inner][\/vc_column][\/vc_row][vc_row css=\u00a0\u00bb.vc_custom_1535445887028{padding-top: 140px !important;padding-bottom: 35px !important;}\u00a0\u00bb][vc_column][vc_empty_space height=\u00a0\u00bb64px\u00a0\u00bb][\/vc_column][\/vc_row]<\/p>\n<\/div>","protected":false},"excerpt":{"rendered":"<p>[vc_row][vc_column][vc_row_inner simple_background_color=\u00a0\u00bb#F9EEED\u00a0\u00bb][vc_column_inner width=\u00a0\u00bb1\/4&Prime;][\/vc_column_inner][vc_column_inner width=\u00a0\u00bb1\/2&Prime;][vc_empty_space height=\u00a0\u00bb16px\u00a0\u00bb][vc_column_text css=\u00a0\u00bb\u00a0\u00bb] Chers clients, veuillez noter: Du 6 au 30 avril 2026: Ferm\u00e9 Le restaurant Viva sera ferm\u00e9 pendant cette p\u00e9riode. Du 1er au 31 mai 2026: R\u00e9serv\u00e9 aux clients de l&rsquo;h\u00f4tel Le restaurant est r\u00e9serv\u00e9 [&hellip;]<\/p>\n","protected":false},"author":1,"featured_media":0,"parent":0,"menu_order":21,"comment_status":"closed","ping_status":"closed","template":"full-width.php","meta":{"footnotes":""},"class_list":["post-4150","page","type-page","status-publish","hentry"],"_links":{"self":[{"href":"https:\/\/viva-stmoritz.ch\/fr\/wp-json\/wp\/v2\/pages\/4150","targetHints":{"allow":["GET"]}}],"collection":[{"href":"https:\/\/viva-stmoritz.ch\/fr\/wp-json\/wp\/v2\/pages"}],"about":[{"href":"https:\/\/viva-stmoritz.ch\/fr\/wp-json\/wp\/v2\/types\/page"}],"author":[{"embeddable":true,"href":"https:\/\/viva-stmoritz.ch\/fr\/wp-json\/wp\/v2\/users\/1"}],"replies":[{"embeddable":true,"href":"https:\/\/viva-stmoritz.ch\/fr\/wp-json\/wp\/v2\/comments?post=4150"}],"version-history":[{"count":7,"href":"https:\/\/viva-stmoritz.ch\/fr\/wp-json\/wp\/v2\/pages\/4150\/revisions"}],"predecessor-version":[{"id":5975,"href":"https:\/\/viva-stmoritz.ch\/fr\/wp-json\/wp\/v2\/pages\/4150\/revisions\/5975"}],"wp:attachment":[{"href":"https:\/\/viva-stmoritz.ch\/fr\/wp-json\/wp\/v2\/media?parent=4150"}],"curies":[{"name":"wp","href":"https:\/\/api.w.org\/{rel}","templated":true}]}}

<div class="wpb-content-wrapper"><p>[vc_row][vc_column][vc_row_inner simple_background_color= »#F9EEED »][vc_column_inner width= »1/4&Prime;][/vc_column_inner][vc_column_inner width= »1/2&Prime;][vc_empty_space height= »16px »][vc_column_text css= » »]</p>
<div style="color: red; text-align: center;">
<p>Chers clients, veuillez noter:</p>
<p><strong>Du 6 au 30 avril 2026: Fermé</strong><br />
Le restaurant Viva sera fermé pendant cette période.</p>
<p><strong>Du 1er au 31 mai 2026: Réservé aux clients de l&rsquo;hôtel</strong><br />
Le restaurant est réservé aux clients de l&rsquo;hôtel San Gian. Pendant cette période, seule une sélection limitée de plats sera proposée; notre carte habituelle ne sera malheureusement pas disponible.</p>
<p><strong>À partir du 1er juin 2026: Ouvert</strong><br />
Le restaurant reprendra son activité normale.</div>
<p>[/vc_column_text][vc_empty_space height= »24px »][/vc_column_inner][vc_column_inner width= »1/4&Prime;][/vc_column_inner][/vc_row_inner][vc_empty_space height= »80px »][/vc_column][/vc_row][vc_row content_placement= »top » enable_parallax_background_elements= »yes » right_parallax_background_element= »762&Prime;][vc_column][vc_row_inner content_placement= »middle » row_content_width= »grid » css= ».vc_custom_1535380918653{padding-bottom: 40px !important;} »][vc_column_inner offset= »vc_col-lg-6 vc_col-md-12&Prime;]<div class="mkdf-section-title-holder  mkdf-st-standard mkdf-st-title-left mkdf-st-normal-space " style="padding:0 0 15% 0;text-align: left">
	<div class="mkdf-st-inner">
					<h2 class="mkdf-st-title" >
				VIVA<br /> St. Moritz<br />			</h2>
		    <span class="mkdf-st-line" style="margin: 50px 9% 0 14%; height: 120px"></span>
    <div class="mkdf-st-text" style="margin-top: 45px;padding-right: 40px">
        Nos plats sont particulièrement marqués par la cuisine engadinoise et les produits locaux spéciaux. Ceux-ci sont travaillés de manière innovante par notre équipe de cuisine avec diverses influences du monde entier. Nous nous efforçons toujours de vous faire découvrir de nouvelles saveurs.    </div>
	</div>
</div>[vc_empty_space height= »100px »][/vc_column_inner][vc_column_inner offset= »vc_col-lg-6 vc_col-md-12&Prime; css= ».vc_custom_1535446084271{padding-right: 0px !important;padding-left: 0px !important;} »]<div class="mkdf-single-image-holder    " >
    <div class="mkdf-si-inner" >
                                    <img loading="lazy" decoding="async" width="800" height="450" src="https://viva-stmoritz.ch/wp-content/uploads/2019/11/viva-restaurant-st-moritz-innenansicht.jpg" class="attachment-full size-full" alt="" srcset="https://viva-stmoritz.ch/wp-content/uploads/2019/11/viva-restaurant-st-moritz-innenansicht.jpg 800w, https://viva-stmoritz.ch/wp-content/uploads/2019/11/viva-restaurant-st-moritz-innenansicht-300x169.jpg 300w, https://viva-stmoritz.ch/wp-content/uploads/2019/11/viva-restaurant-st-moritz-innenansicht-768x432.jpg 768w" sizes="auto, (max-width: 800px) 100vw, 800px" />                        </div>
</div>[/vc_column_inner][/vc_row_inner][vc_row_inner row_content_width= »grid » css= ».vc_custom_1534240845257{padding-bottom: 30px !important;} »][vc_column_inner offset= »vc_col-lg-offset-1 vc_col-lg-10&Prime; css= ».vc_custom_1534234226432{padding-right: 0px !important;padding-left: 0px !important;} »]<div class="mkdf-single-image-holder    " >
    <div class="mkdf-si-inner" >
                                    <img loading="lazy" decoding="async" width="1300" height="610" src="https://viva-stmoritz.ch/wp-content/uploads/2019/11/viva-restaurant-st-moritz-innenansicht2.jpg" class="attachment-full size-full" alt="" srcset="https://viva-stmoritz.ch/wp-content/uploads/2019/11/viva-restaurant-st-moritz-innenansicht2.jpg 1300w, https://viva-stmoritz.ch/wp-content/uploads/2019/11/viva-restaurant-st-moritz-innenansicht2-300x141.jpg 300w, https://viva-stmoritz.ch/wp-content/uploads/2019/11/viva-restaurant-st-moritz-innenansicht2-1024x480.jpg 1024w, https://viva-stmoritz.ch/wp-content/uploads/2019/11/viva-restaurant-st-moritz-innenansicht2-768x360.jpg 768w" sizes="auto, (max-width: 1300px) 100vw, 1300px" />                        </div>
</div>[/vc_column_inner][/vc_row_inner][vc_row_inner row_content_width= »grid »][vc_column_inner width= »1/12&Prime; offset= »vc_col-lg-1 vc_hidden-md vc_hidden-sm vc_hidden-xs »][/vc_column_inner][vc_column_inner css= ».vc_custom_1535445707647{padding-right: 0px !important;padding-left: 0px !important;} » offset= »vc_col-lg-10 vc_col-md-12 vc_col-xs-12&Prime;]<div class="mkdf-image-gallery mkdf-grid-list mkdf-grid-masonry-list mkdf-disable-bottom-space  mkdf-ig-masonry-type mkdf-three-columns mkdf-normal-space  ">
	<div class="mkdf-ig-inner mkdf-outer-space mkdf-masonry-list-wrapper">
		<div class="mkdf-masonry-grid-sizer"></div>
		<div class="mkdf-masonry-grid-gutter"></div>
								<div class="mkdf-ig-image mkdf-item-space ">
				<div class="mkdf-ig-image-inner">
											<img loading="lazy" decoding="async" width="650" height="1300" src="https://viva-stmoritz.ch/wp-content/uploads/2019/11/viva-restaurant-st-moritz-innenansicht-close-up.jpg" class="attachment-full size-full" alt="" srcset="https://viva-stmoritz.ch/wp-content/uploads/2019/11/viva-restaurant-st-moritz-innenansicht-close-up.jpg 650w, https://viva-stmoritz.ch/wp-content/uploads/2019/11/viva-restaurant-st-moritz-innenansicht-close-up-150x300.jpg 150w, https://viva-stmoritz.ch/wp-content/uploads/2019/11/viva-restaurant-st-moritz-innenansicht-close-up-512x1024.jpg 512w" sizes="auto, (max-width: 650px) 100vw, 650px" />									</div>
			</div>
			</div>
</div>[/vc_column_inner][vc_column_inner width= »1/12&Prime; css= ».vc_custom_1535382774510{padding-right: 0px !important;} » offset= »vc_col-lg-1 vc_hidden-md vc_hidden-sm vc_hidden-xs »][/vc_column_inner][/vc_row_inner][/vc_column][/vc_row][vc_row css= ».vc_custom_1535445887028{padding-top: 140px !important;padding-bottom: 35px !important;} »][vc_column][vc_empty_space height= »64px »][/vc_column][/vc_row]</p>
</div>

<p>[vc_row][vc_column][vc_row_inner simple_background_color= »#F9EEED »][vc_column_inner width= »1/4&Prime;][/vc_column_inner][vc_column_inner width= »1/2&Prime;][vc_empty_space height= »16px »][vc_column_text css= » »] Chers clients, veuillez noter: Du 6 au 30 avril 2026: Fermé Le restaurant Viva sera fermé pendant cette période. Du 1er au 31 mai 2026: Réservé aux clients de l&rsquo;hôtel Le restaurant est réservé [&hellip;]</p>
